9676 and 36.
36
Calculate the highest common factor of 259517214 and 198.
198
What is the greatest common factor of 759 and 126551589?
69
What is the highest common divisor of 151905 and 506883?
1599
Calculate the greatest common divisor of 69 and 3952826.
23
What is the highest common factor of 70760 and 3907721?
1769
What is the greatest common factor of 758133 and 216?
27
Calculate the highest common factor of 571660 and 810.
10
What is the greatest common factor of 405 and 781576155?
135
What is the greatest common divisor of 395 and 966765265?
395
What is the greatest common divisor of 1200 and 437235?
15
Calculate the greatest common factor of 57050 and 1018850.
350
Calculate the highest common divisor of 211279089 and 42.
21
Calculate the highest common divisor of 20800027 and 11339.
391
Calculate the greatest common factor of 1804603 and 336536.
713
What is the greatest common divisor of 7458 and 200688?
678
What is the greatest common divisor of 32625 and 12735?
45
What is the highest common divisor of 880 and 1238296?
8
Calculate the highest common factor of 5272861 and 513.
19
What is the highest common divisor of 68595 and 784404?
807
What is the highest common factor of 7431578 and 28?
14
What is the highest common divisor of 151543 and 19?
1
What is the highest common factor of 11 and 3338712091?
11
What is the highest common divisor of 183714 and 8047770?
2742
Calculate the greatest common factor of 354 and 91840226.
118
What is the greatest common factor of 868 and 803926627?
217
Calculate the highest common factor of 43939625 and 250.
125
Calculate the greatest common factor of 40599 and 556569.
117
Calculate the highest common factor of 516 and 40817922.
258
Calculate the highest common factor of 60 and 232997880.
60
Calculate the greatest common factor of 159391995 and 2345.
2345
Calculate the highest common divisor of 39664 and 126688.
592
What is the greatest common factor of 700035 and 1698955?
565
What is the greatest common divisor of 13689 and 670423?
169
Calculate the greatest common factor of 814893 and 344.
43
Calculate the highest common divisor of 7018 and 42482.
22
What is the highest common divisor of 48 and 1069872?
48
Calculate the highest common factor of 412084255 and 16093.
2299
What is the greatest common factor of 2755 and 631978817?
551
Calculate the greatest common divisor of 288 and 493893.
9
What is the greatest common factor of 1200 and 39417550?
50
What is the greatest common factor of 1863 and 5104206?
207
Calculate the highest common divisor of 48800 and 276025.
1525
Calculate the greatest common factor of 10094 and 81782.
206
Calculate the greatest common factor of 6172380 and 47878.
1294
What is the greatest common factor of 294 and 1955541?
147
Calculate the greatest common factor of 41081589 and 10286.
139
What is the greatest common factor of 439 and 3222699?
439
Calculate the highest common factor of 4015605 and 135.
15
Calculate the highest common divisor of 3834 and 26489.
1
Calculate the greatest common divisor of 14784 and 37908.
12
What is the greatest common divisor of 372524214 and 888?
222
Calculate the greatest common factor of 16164924 and 12.
12
What is the highest common divisor of 5610 and 931430?
170
What is the highest common divisor of 50 and 555194?
2
What is the highest common factor of 131 and 1977817?
1
Calculate the highest common divisor of 10500820 and 1100.
220
What is the greatest common factor of 7 and 101654413?
7
What is the greatest common factor of 535747 and 637509?
2993
What is the highest common factor of 15448 and 49928?
8
Calculate the greatest common divisor of 8069796 and 12852.
252
Calculate the highest common factor of 69990700 and 1768.
884
What is the highest common divisor of 66 and 5511825?
33
Calculate the greatest common divisor of 83 and 4610401.
83
Calculate the greatest common factor of 30982852 and 3634.
158
Calculate the highest common divisor of 95719 and 1534091.
2587
What is the greatest common factor of 140 and 3736030?
10
What is the highest common factor of 4443358 and 3706?
34
Calculate the highest common divisor of 17119362 and 8112.
1014
What is the greatest common factor of 3900 and 12573075?
75
What is the greatest common factor of 24908 and 5010340?
1916
What is the greatest common factor of 2101 and 130014082?
2101
What is the highest common divisor of 71214 and 233313?
249
Calculate the greatest common factor of 906 and 28974786.
906
Calculate the greatest common factor of 94 and 140604072.
94
Calculate the highest common divisor of 2058 and 106011010.
686
Calculate the greatest common factor of 749277166 and 22.
22
Calculate the highest common factor of 209472 and 189827454.
6546
What is the greatest common factor of 82059 and 217923?
51
What is the greatest common factor of 2780 and 70470220?
2780
What is the greatest common factor of 176546277 and 237?
237
What is the highest common divisor of 93814359 and 426?
213
What is the greatest common factor of 269807 and 29087?
1003
Calculate the highest common divisor of 8757 and 16684031.
973
What is the greatest common factor of 4936088 and 8?
8
What is the highest common factor of 984060620 and 813?
271
What is the highest common factor of 13740 and 95716275?
3435
Calculate the highest common divisor of 9414 and 11276403.
1569
What is the greatest common factor of 9888 and 416?
32
What is the highest common factor of 185208448 and 128?
128
Calculate the highest common divisor of 1216 and 3281034.
38
What is the highest common divisor of 36 and 813110985?
9
Calculate the greatest common divisor of 22156 and 152888.
116
Calculate the highest common factor of 4215333 and 18081.
123
What is the greatest common factor of 3165894 and 65626?
38
What is the highest common divisor of 278287 and 955?
191
What is the highest common divisor of 19296765 and 270?
135
Calculate the greatest common factor of 69831290 and 30.
10
Calculate the greatest common divisor of 43839 and 23463607.
4871
Calculate the highest common factor of 5920 and 22378340.
740
Calculate the greatest common divisor of 5753991 and 43119.
4791
What is the greatest common factor of 77 and 303660599?
11
What is the greatest common divisor of 100019731 and 147?
49
What is the highest common factor of 1831320360 and 1432?
1432
Calculate the highest common factor of 18 and 61348662.
18
Calculate the highest common factor of 42 and 1826967.
3
What is the highest common divisor of 451897481 and 14?
7
What is the greatest common divisor of 9825 and 21750?
75
What is the highest common factor of 27037490 and 1535?
1535
Calculate the greatest common factor of 71733011 and 23072.
721
What is the greatest common factor of 16119 and 88614?
81
What is the greatest common divisor of 86500 and 2148500?
500
Calculate the highest common divisor of 103 and 1683904667.
103
Calculate the highest common factor of 694575 and 6561.
81
What is the highest common factor of 93 and 5395557?
3
What is the greatest common divisor of 1380 and 49634115?
345
Calculate the greatest common divisor of 11628 and 262656.
684
Calculate the highest common factor of 12103 and 970151.
637
Calculate the highest common factor of 47541 and 147340.
53
What is the greatest common divisor of 1229472 and 17280?
864
Calculate the highest common divisor of 732435 and 7040.
55
Calculate the greatest common factor of 140382 and 67199.
11
Calculate the greatest common divisor of 66280 and 329720.
40
What is the highest common factor of 770689 and 989?
43
What is the highest common factor of 10776 and 402146850?
2694
Calculate the highest common divisor of 1687170 and 9340.
10
Calculate the highest common divisor of 455049610 and 1370.
1370
Calculate the greatest common factor of 156959 and 6781214.
209
What is the greatest common divisor of 170586 and 1151982?
2106
What is the highest common factor of 3709598 and 1552412?
4762
What is the greatest common divisor of 70 and 17779270?
10
Calculate the greatest common factor of 3924 and 113869248.
1308
Calculate the greatest common factor of 66 and 23635106.
22
Calculate the highest common divisor of 195 and 79546155.
195
What is the greatest common factor of 26 and 31498129?
13
Calculate the highest common factor of 983147